vided by 948299?
85
What is the remainder when 590315 is divided by 51?
41
What is the remainder when 32816 is divided by 32696?
120
What is the remainder when 6823545 is divided by 3411767?
11
Calculate the remainder when 826225 is divided by 826213.
12
Calculate the remainder when 261224 is divided by 10421.
699
What is the remainder when 1577540 is divided by 143?
107
What is the remainder when 763195 is divided by 381595?
5
What is the remainder when 79526724 is divided by 109?
106
What is the remainder when 14052414 is divided by 271?
251
Calculate the remainder when 2876165 is divided by 5002.
15
What is the remainder when 2813374 is divided by 1726?
1720
Calculate the remainder when 35135513 is divided by 18.
17
Calculate the remainder when 3162751 is divided by 54530.
11
Calculate the remainder when 49856 is divided by 799.
318
Calculate the remainder when 144904 is divided by 138972.
5932
What is the remainder when 710919 is divided by 66?
33
Calculate the remainder when 43630462 is divided by 6942.
6934
What is the remainder when 14826117 is divided by 19?
18
Calculate the remainder when 73029 is divided by 36505.
19
What is the remainder when 301147 is divided by 267?
238
What is the remainder when 6146241 is divided by 19?
7
What is the remainder when 5783394 is divided by 4760?
4754
What is the remainder when 627503 is divided by 127?
123
What is the remainder when 13814960 is divided by 31?
27
What is the remainder when 772464 is divided by 85770?
534
Calculate the remainder when 132073 is divided by 301.
235
Calculate the remainder when 2355068742 is divided by 1048.
1046
What is the remainder when 239804 is divided by 47960?
4
What is the remainder when 183566 is divided by 497?
173
Calculate the remainder when 282909 is divided by 13470.
39
Calculate the remainder when 1153545 is divided by 2996.
85
What is the remainder when 18970712 is divided by 2302?
2232
Calculate the remainder when 112930 is divided by 6258.
286
What is the remainder when 2486136 is divided by 135?
111
Calculate the remainder when 527776 is divided by 3286.
2016
Calculate the remainder when 7878764 is divided by 943.
942
What is the remainder when 47339 is divided by 21666?
4007
What is the remainder when 370452085 is divided by 27?
16
What is the remainder when 23834701 is divided by 61?
49
Calculate the remainder when 402356 is divided by 402338.
18
What is the remainder when 59377 is divided by 2366?
227
What is the remainder when 50386 is divided by 3127?
354
What is the remainder when 5826006 is divided by 434?
424
What is the remainder when 170054 is divided by 44?
38
What is the remainder when 1471045 is divided by 105?
100
What is the remainder when 127416719 is divided by 348?
347
Calculate the remainder when 1206928 is divided by 22349.
82
What is the remainder when 106033004 is divided by 26508249?
8
Calculate the remainder when 27209 is divided by 42.
35
Calculate the remainder when 698662 is divided by 139732.
2
What is the remainder when 305460 is divided by 13739?
3202
Calculate the remainder when 13240497 is divided by 1655061.
9
What is the remainder when 7712109 is divided by 192802?
29
What is the remainder when 15625430 is divided by 94?
92
What is the remainder when 89003 is divided by 4174?
1349
Calculate the remainder when 72886401 is divided by 1349748.
9
What is the remainder when 5909220 is divided by 961?
31
What is the remainder when 18258680 is divided by 1567?
1563
Calculate the remainder when 23054580 is divided by 4148.
4144
Calculate the remainder when 1226 is divided by 1218.
8
What is the remainder when 2700339 is divided by 105?
54
What is the remainder when 10226 is divided by 7069?
3157
What is the remainder when 344162 is divided by 5104?
2194
Calculate the remainder when 46125 is divided by 5736.
237
Calculate the remainder when 143163035 is divided by 143163023.
12
What is the remainder when 764000 is divided by 111?
98
Calculate the remainder when 2282254 is divided by 142640.
14
Calculate the remainder when 240494 is divided by 1546.
864
Calculate the remainder when 1106759 is divided by 648.
623
What is the remainder when 2441344 is divided by 404?
376
What is the remainder when 16941065 is divided by 131?
14
What is the remainder when 23661671 is divided by 2129?
2094
What is the remainder when 31464557 is divided by 7866132?
29
Calculate the remainder when 261729 is divided by 262.
253
What is the remainder when 50663 is divided by 503?
363
What is the remainder when 43197 is divided by 2080?
1597
Calculate the remainder when 72940997 is divided by 3008.
5
What is the remainder when 32147488 is divided by 10715828?
4
What is the remainder when 2061198 is divided by 220?
18
What is the remainder when 205407 is divided by 38?
17
What is the remainder when 2652509 is divided by 15331?
246
Calculate the remainder when 49637 is divided by 9765.
812
What is the remainder when 5213 is divided by 1263?
161
Calculate the remainder when 649386 is divided by 27056.
42
What is the remainder when 93818941 is divided by 58?
55
What is the remainder when 380424 is divided by 1786?
6
What is the remainder when 231339 is divided by 5397?
4665
What is the remainder when 45218 is divided by 3137?
1300
Calculate the remainder when 1353892 is divided by 338471.
8
What is the remainder when 617696 is divided by 205674?
674
Calculate the remainder when 1076092 is divided by 179348.
4
What is the remainder when 2687453 is divided by 11944?
53
Calculate the remainder when 23394503 is divided by 190.
183
Calculate the remainder when 551969 is divided by 7201.
4693
What is the remainder when 8988935 is divided by 1582?
11
What is the remainder when 6340216 is divided by 117411?
22
What is the remainder when 3990419 is divided by 210020?
39
What is the remainder when 5377627 is divided by 792?
739
Calculate the remainder when 245837 is divided by 122630.
577
What is the remainder when 22179374 is divided by 8239?
8225
What is the remainder when 108176834 is divided by 110272?
2
What is the remainder when 2224237 is divided by 56?
29
Calculate the remainder when 684245 is divided by 3872.
2773
Calculate the remainder when 203905 is divided by 106.
67
Calculate the remainder when 1154224 is divided by 384646.
286
What is the remainder when 3016231 is divided by 659?
647
Calculate the remainder when 67395 is divided by 4798.
223
Calculate the remainder when 2653188 is divided by 221040.
708
Calculate the remainder when 225801 is divided by 17316.
693
Calculate the remainder when 2269230 is divided by 1134350.
530
What is the remainder when 150729 is divided by 698?
659
What is the remainder when 128207 is divided by 92?
51
What is the remainder when 259351 is divided by 391?
118
What is the remainder when 69038 is divided by 3465?
3203
What is the remainder when 28855373 is divided by 4809228?
5
Calculate the remainder when 788871 is divided by 788859.
12
Calculate the remainder when 171923 is divided by 45.
23
What is the remainder when 130547 is divided by 9973?
898
What is the remainder when 17128 is divided by 254?
110
Calculate the remainder when 1407866 is divided by 1482.
1448
Calculate the remainder when 175779 is divided by 409.
318
What is the remainder when 6307029 is divided by 47?
5
Calculate the remainder when 57272 is divided by 28605.
62
What is the remainder when 31828365 is divided by 406?
401
Calculate the remainder when 18369376 is divided by 7575.
1
What is the remainder when 11460256 is divided by 8464?
0
What is the remainder when 745969 is divided by 1513?
60
What is the remainder when 133366468 is divided by 15?
13
Calculate the remainder when 448017992 is divided by 9.
8
What is the remainder when 2334801 is divided by 2718?
39
Calculate the remainder when 487343 is divided by 32489.
8
What is the remainder when 4579582 is divided by 1042?
1034
What is the remainder when 21211006 is divided by 192?
190
Calculate the remainder when 45366029 is divided by 745.
744
What is the remainder when 5293887 is divided by 5292742?
1145
What is the remainder when 5237018 is divided by 292?
290
What is the remainder when 9870218 is divided by 883?
44
What is the remainder when 500629 is divided by 33367?
124
What is the re